e 15) to base 5.
-100
-11011 (base 2) to base 15
-1c
-6 (base 13) to base 12
-6
What is 50 (base 7) in base 8?
43
-1 (base 12) to base 6
-1
What is 87 (base 12) in base 8?
147
Convert 18 (base 11) to base 13.
16
Convert 16 (base 13) to base 12.
17
What is -7 (base 11) in base 14?
-7
What is -2 (base 5) in base 4?
-2
Convert 10 (base 2) to base 14.
2
Convert -1 (base 15) to base 11.
-1
What is -1 (base 4) in base 15?
-1
Convert 24 (base 8) to base 16.
14
What is -11 (base 9) in base 5?
-20
What is -260 (base 7) in base 15?
-95
174 (base 11) to base 13
127
Convert -14 (base 15) to base 7.
-25
139 (base 12) to base 2
10111101
Convert -10110101 (base 2) to base 12.
-131
23 (base 5) to base 6
21
10 (base 2) to base 7
2
Convert 35 (base 16) to base 9.
58
Convert -24 (base 11) to base 10.
-26
Convert -3 (base 11) to base 12.
-3
What is 12 (base 7) in base 15?
9
Convert -311 (base 4) to base 15.
-38
100 (base 2) to base 16
4
What is 6 (base 12) in base 13?
6
Convert -d0 (base 16) to base 11.
-17a
6 (base 12) to base 13
6
42 (base 13) to base 3
2000
Convert -2 (base 3) to base 9.
-2
What is 21 (base 3) in base 4?
13
-63 (base 14) to base 9
-106
-2 (base 9) to base 2
-10
-1 (base 3) to base 7
-1
3212 (base 4) to base 14
126
What is -3 (base 15) in base 6?
-3
-36 (base 8) to base 3
-1010
-14 (base 13) to base 10
-17
-172 (base 9) to base 3
-12102
Convert 0 (base 8) to base 16.
0
Convert -b (base 14) to base 12.
-b
Convert -12010 (base 4) to base 9.
-471
What is 11 (base 9) in base 12?
a
1120 (base 5) to base 15
aa
What is 22 (base 9) in base 6?
32
1 (base 9) to base 15
1
-4 (base 16) to base 11
-4
21 (base 4) to base 16
9
1 (base 9) to base 11
1
13 (base 14) to base 13
14
What is 41 (base 6) in base 7?
34
-10 (base 2) to base 7
-2
What is -a (base 14) in base 3?
-101
What is -1000111 (base 2) in base 16?
-47
Convert 45 (base 10) to base 4.
231
What is -3 (base 16) in base 13?
-3
-2 (base 4) to base 10
-2
What is 20 (base 5) in base 2?
1010
-1 (base 6) to base 2
-1
What is 4a (base 11) in base 7?
105
10011 (base 2) to base 8
23
What is -101 (base 2) in base 5?
-10
What is 19 (base 11) in base 13?
17
101 (base 2) to base 3
12
Convert 6 (base 10) to base 4.
12
8 (base 13) to base 6
12
Convert 43 (base 7) to base 2.
11111
What is 32 (base 4) in base 10?
14
Convert 24 (base 16) to base 14.
28
Convert 3 (base 10) to base 7.
3
Convert 21021 (base 3) to base 4.
3010
Convert -9d (base 14) to base 13.
-a9
What is 15 (base 8) in base 10?
13
What is -44 (base 8) in base 12?
-30
What is -3 (base 16) in base 12?
-3
-2 (base 7) to base 2
-10
-320 (base 4) to base 16
-38
What is -2 (base 15) in base 13?
-2
What is -11 (base 13) in base 15?
-e
What is -111001 (base 2) in base 5?
-212
What is 2 (base 9) in base 12?
2
-3 (base 8) to base 12
-3
Convert -1221 (base 3) to base 9.
-57
What is -6 (base 7) in base 4?
-12
400 (base 5) to base 16
64
Convert a4 (base 14) to base 12.
100
-233 (base 4) to base 12
-3b
Convert 2 (base 12) to base 8.
2
Convert -86 (base 11) to base 2.
-1011110
Convert 110 (base 4) to base 14.
16
What is 62 (base 9) in base 6?
132
Convert 0 (base 15) to base 13.
0
3 (base 15) to base 16
3
-5 (base 6) to base 4
-11
Convert -1221 (base 4) to base 12.
-89
Convert -122 (base 3) to base 11.
-16
9 (base 12) to base 10
9
What is 9 (base 11) in base 10?
9
5 (base 7) to base 10
5
Convert -1a7 (base 11) to base 8.
-356
Convert -2 (base 5) to base 2.
-10
Convert -55 (base 10) to base 8.
-67
-1 (base 16) to base 10
-1
94 (base 11) to base 9
124
Convert 4 (base 16) to base 11.
4
21 (base 3) to base 15
7
Convert 14a (base 11) to base 13.
106
What is 89 (base 14) in base 7?
232
What is -11000 (base 2) in base 6?
-40
What is -a (base 14) in base 15?
-a
What is -64 (base 9) in base 12?
-4a
-1 (base 10) to base 2
-1
Convert -5 (base 15) to base 6.
-5
Convert 155 (base 8) to base 5.
414
What is 58 (base 9) in base 8?
65
Convert 22 (base 8) to base 16.
12
What is c (base 13) in base 11?
11
Convert 23 (base 7) to base 9.
18
What is 24 (base 11) in base 13?
20
What is 55 (base 13) in base 3?
2121
Convert 9 (base 13) to base 2.
1001
What is -10001 (base 3) in base 16?
-52
What is -71 (base 15) in base 12?
-8a
What is 31 (base 6) in base 10?
19
84 (base 13) to base 2
1101100
What is -101 (base 2) in base 16?
-5
-7 (base 16) to base 5
-12
7 (base 13) to base 10
7
Convert -10 (base 6) to base 3.
-20
What is -7 (base 10) in base 9?
-7
What is -2 (base 6) in base 12?
-2
Convert 211 (base 4) to base 7.
52
What is -47 (base 16) in base 14?
-51
11 (base 8) to base 13
9
Convert -11 (base 2) to base 13.
-3
-202 (base 3) to base 4
-110
Convert 7c (base 14) to base 4.
1232
What is -332 (base 4) in base 13?
-4a
Convert 0 (base 2) to base 5.
0
What is -14 (base 9) in base 14?
-d
4 (base 5) to base 6
4
What is 316 (base 11) in base 2?
101111100
-1011 (base 4) to base 13
-54
-2 (base 3) to base 6
-2
Convert 15 (base 11) to base 8.
20
What is 2 (base 9) in base 16?
2
What is 32 (base 13) in base 4?
221
-2 (base 15) to base 12
-2
23 (base 5) to base 15
d
Convert 502 (base 6) to base 12.
132
What is 0 (base 4) in base 10?
0
What is -22 (base 6) in base 9?
-15
What is 0 (base 12) in base 6?
0
Convert 1 (base 2) to base 7.
1
-12 (base 11) to base 6
-21
-5 (base 11) to base 14
-5
What is -42 (base 9) in base 11?
-35
Convert 122 (base 10) to base 9.
145
What is -3 (base 4) in base 13?
-3
31 (base 7) to base 8
26
Convert -9 (base 16) to base 14.
-9
What is 21 (base 12) in base 16?
19
Convert 10120 (base 3) to base 6.
240
Convert -4 (base 11) to base 8.
-4
1c (base 13) to base 5
100
What is -14 (base 11) in base 6?
-23
What is 113 (base 8) in base 13?
5a
Convert 8 (base 16) to base 13.
8
What is -25 (base 6) in base 10?
-17
4 (base 15) to base 5
4
What is -4 (base 7) in base 12?
-4
What is -13 (base 11) in base 15?
-e
10 (base 10) to base 12
a
Convert -3 (base 7) to base 9.
-3
Convert -22 (base 4) to base 11.
-a
Convert 0 (base 16) to base 11.
0
What is -121 (base 5) in base 10?
-36
Convert -7 (base 13) to base 3.
-21
-10 (base 16) to base 10
-16
-16 (base 7) to base 3
-111
-2 (base 14) to base 3
-2
What is 4 (base 13) in base 16?
4
What is -10101010 (base 2) in base 13?
-101
Convert 43 (base 11) to base 12.
3b
Convert -2 (base 11) to base 7.
-2
What is 3 (base 11) in base 16?
3
Convert 1 (base 15) to base 16.
1
Convert -80 (base 12) to base 11.
-88
-21a (base 12) to base 7
-622
3 (base 12) to base 2
11
Convert 0 (base 4) to base 5.
0
102 (base 7) to base 3
1220
Convert 0 (base 4) to base 12.
0
What is 3 (base 15) in base 16?
3
Convert 6 (base 13) to base 14.
6
Convert -d (base 15) to base 16.
-d
125 (base 15) to base 4
10010
What is 19 (base 16) in base 9?
27
Convert 2 (base 15) to base 11.
2
What is -23 (base 5) in base 16?
-d
Convert -12 (base 3) to base 10.
-5
Convert 3 (base 7) to base 14.
3
What is -1 (base 11) in base 12?
-1
Convert -4 (base 8) to base 16.
-4
What is 11 (base 4) in base 14?
5
Convert 0 (base 5) to base 15.
0
-11 (base 3) to base 16
-4
Convert -6 (base 11) to base 12.
-6
Convert 20 (base 6) to base 2.
1100
What is -10 (base 7) in base 15?
-7
What is 163 (base 12) in base 2?
11011011
6 (base 14) to base 15
6
What is 4 (base 15) in base 10?
4
Convert -11 (base 2) to base 15.
-3
-4a (base 16) to base 2
-1001010
4 (base 7) to base 9
4
-2 (base 12) to base 9
-2
-6 (base 8) to base 9
-6
What is 223 (base 4) in base 5?
133
25 (base 6) to base 13
14
Convert 1 (base 11) to base 2.
1
What is -2a (base 11) in base 15?
-22
What is 19 (base 10) in base 2?
10011
What is -3 (base 12) in base 15?
-3
What is -10 (base 16) in base 14?
-12
Convert -11 (base 2) to base 11.
-3
What is 4 (base 7) in base 12?
4
What is -244 (base 5) in base 16?
-4a
Convert -2 (base 14) to base 7.
-2
-5 (base 7) to base 14
-5
7 (base 15) to base 8
7
24 (base 15) to base 4
202
a1 (base 15) to base 7
304
Convert 2 (base 10) to base 2.
10
Convert 32 (base 8) to base 4.
122
What is -2021 (base 3) in base 15?
-41
What is -1a (base 14) in base 3?
-220
Convert 2210 (base 3) to base 6.
203
-2210 (base 3) to base 13
-5a
-1010 (base 3) to base 15
-20
-200 (base 8) to base 9
-152
Convert 1 (base 4) to base 7.
1
What is 11111 (base 2) in base 9?
34
-2 (base 5) to base 2
-10
110 (base 5) to base 6
50
35 (base 15) to base 13
3b